{"id":140,"date":"2025-01-19T18:27:07","date_gmt":"2025-01-19T18:27:07","guid":{"rendered":"https:\/\/www.przebudzenie.org\/?page_id=140"},"modified":"2025-01-19T18:27:07","modified_gmt":"2025-01-19T18:27:07","slug":"literatura","status":"publish","type":"page","link":"https:\/\/www.przebudzenie.org\/index.php\/literatura\/","title":{"rendered":"Literatura:"},"content":{"rendered":"\n<p><\/p>\n\n\n\n<ul class=\"wp-block-list\">\n<li>Dwana\u015bcie Krok\u00f3w&nbsp; Doros\u0142ych Dzieci&nbsp; &#8211; &#8222;\u017b\u00f3\u0142ty Zeszty&#8221;<\/li>\n<\/ul>\n\n\n\n<figure class=\"wp-block-image size-full is-resized\"><img fetchpriority=\"high\" decoding=\"async\" width=\"288\" height=\"427\" src=\"http:\/\/www.przebudzenie.org\/wp-content\/uploads\/2025\/01\/zolty-zeszyt.jpg\" alt=\"\u017b\u00f3lty Zeszyt DDA\" class=\"wp-image-145\" style=\"width:167px;height:auto\" srcset=\"https:\/\/www.przebudzenie.org\/wp-content\/uploads\/2025\/01\/zolty-zeszyt.jpg 288w, https:\/\/www.przebudzenie.org\/wp-content\/uploads\/2025\/01\/zolty-zeszyt-202x300.jpg 202w\" sizes=\"(max-width: 288px) 100vw, 288px\" \/><\/figure>\n\n\n\n<ul class=\"wp-block-list\">\n<li>12 krok\u00f3w dla doros\u0142ych dzieci DDA\/DDD &#8211; wydawnictwo &#8222;Akuracik&#8221;<\/li>\n<\/ul>\n\n\n\n<figure class=\"wp-block-image size-full is-resized\"><img decoding=\"async\" width=\"330\" height=\"490\" src=\"http:\/\/www.przebudzenie.org\/wp-content\/uploads\/2025\/01\/akuracik.jpg\" alt=\"12 Krok\u00f3w DDA\" class=\"wp-image-142\" style=\"width:175px;height:auto\" srcset=\"https:\/\/www.przebudzenie.org\/wp-content\/uploads\/2025\/01\/akuracik.jpg 330w, https:\/\/www.przebudzenie.org\/wp-content\/uploads\/2025\/01\/akuracik-202x300.jpg 202w\" sizes=\"(max-width: 330px) 100vw, 330px\" \/><\/figure>\n\n\n\n<ul class=\"wp-block-list\">\n<li>Codzienne afirmacje Rozmy\u015blania dla doros\u0142ych dzieci DDA\/DDD<\/li>\n<\/ul>\n\n\n\n<figure class=\"wp-block-image size-full is-resized\"><img decoding=\"async\" width=\"336\" height=\"468\" src=\"http:\/\/www.przebudzenie.org\/wp-content\/uploads\/2025\/01\/afirmacje_dda.jpg\" alt=\"Afirmacje DDA\" class=\"wp-image-144\" style=\"width:179px;height:auto\" srcset=\"https:\/\/www.przebudzenie.org\/wp-content\/uploads\/2025\/01\/afirmacje_dda.jpg 336w, https:\/\/www.przebudzenie.org\/wp-content\/uploads\/2025\/01\/afirmacje_dda-215x300.jpg 215w\" sizes=\"(max-width: 336px) 100vw, 336px\" \/><\/figure>\n\n\n\n<ul class=\"wp-block-list\">\n<li>Doros\u0142e dzieci alkoholik\u00f3w , Janet G. Woititz<\/li>\n<\/ul>\n\n\n\n<figure class=\"wp-block-image size-full is-resized\"><img loading=\"lazy\" decoding=\"async\" width=\"329\" height=\"465\" src=\"http:\/\/www.przebudzenie.org\/wp-content\/uploads\/2025\/01\/dda_janet.jpg\" alt=\"\" class=\"wp-image-143\" style=\"width:181px;height:auto\" srcset=\"https:\/\/www.przebudzenie.org\/wp-content\/uploads\/2025\/01\/dda_janet.jpg 329w, https:\/\/www.przebudzenie.org\/wp-content\/uploads\/2025\/01\/dda_janet-212x300.jpg 212w\" sizes=\"(max-width: 329px) 100vw, 329px\" \/><\/figure>\n\n\n\n<p><\/p>\n","protected":false},"excerpt":{"rendered":"","protected":false},"author":1,"featured_media":0,"parent":0,"menu_order":0,"comment_status":"closed","ping_status":"closed","template":"","meta":{"_kadence_starter_templates_imported_post":false,"_kad_post_transparent":"","_kad_post_title":"","_kad_post_layout":"","_kad_post_sidebar_id":"","_kad_post_content_style":"","_kad_post_vertical_padding":"","_kad_post_feature":"","_kad_post_feature_position":"","_kad_post_header":false,"_kad_post_footer":false,"footnotes":""},"class_list":["post-140","page","type-page","status-publish","hentry"],"_links":{"self":[{"href":"https:\/\/www.przebudzenie.org\/index.php\/wp-json\/wp\/v2\/pages\/140","targetHints":{"allow":["GET"]}}],"collection":[{"href":"https:\/\/www.przebudzenie.org\/index.php\/wp-json\/wp\/v2\/pages"}],"about":[{"href":"https:\/\/www.przebudzenie.org\/index.php\/wp-json\/wp\/v2\/types\/page"}],"author":[{"embeddable":true,"href":"https:\/\/www.przebudzenie.org\/index.php\/wp-json\/wp\/v2\/users\/1"}],"replies":[{"embeddable":true,"href":"https:\/\/www.przebudzenie.org\/index.php\/wp-json\/wp\/v2\/comments?post=140"}],"version-history":[{"count":14,"href":"https:\/\/www.przebudzenie.org\/index.php\/wp-json\/wp\/v2\/pages\/140\/revisions"}],"predecessor-version":[{"id":158,"href":"https:\/\/www.przebudzenie.org\/index.php\/wp-json\/wp\/v2\/pages\/140\/revisions\/158"}],"wp:attachment":[{"href":"https:\/\/www.przebudzenie.org\/index.php\/wp-json\/wp\/v2\/media?parent=140"}],"curies":[{"name":"wp","href":"https:\/\/api.w.org\/{rel}","templated":true}]}}